{"id":1413,"date":"2025-11-10T11:27:15","date_gmt":"2025-11-10T10:27:15","guid":{"rendered":"https:\/\/noahdaitruong.com\/?page_id=1413"},"modified":"2025-11-10T11:27:15","modified_gmt":"2025-11-10T10:27:15","slug":"dustan-lheritage","status":"publish","type":"page","link":"https:\/\/noahdaitruong.com\/index.php\/dustan-lheritage\/","title":{"rendered":"Dustan, l&rsquo;h\u00e9ritage"},"content":{"rendered":"<div class=\"bm-builder clearfix \"><div id=\"\" class=\"module col-12 module-id-1762770171044\" data-module-col=\"12\"><div class=\"module-inside single-image-inside\" style=\"--cornerRadius:0px 0px 0px 0px ; --top-mod: 0px;--bottom-mod: 0px;--top-mod-t: 0px;--bottom-mod-t: 0px;--top-mod-m:0px;--bottom-mod-m:0px;\" ><div class=\"single-image-out singleimage-center-ux singleimage-center-ux-m\"  ><figure class=\"single-image   single-image-notfull   \" no><div class=\"ux-hover-wrap anima-wrap\" style=\"padding-top: 140.77791718946%;\"><span class=\"ux-hover-wrap-a\"><img loading=\"lazy\" decoding=\"async\" alt=\"Paulette_Dustan-lheritage_COUV\" class=\"single-image-img img1st lazy \" src=\"data:image\/gif;base64,R0lGODlhAQABAIAAAAAAAP\/\/\/yH5BAEAAAAALAAAAAABAAEAAAIBRAA7\" data-src=\"https:\/\/noahdaitruong.com\/wp-content\/uploads\/2025\/11\/Paulette_Dustan-lheritage_COUV.jpg\" data-srcset=\"https:\/\/noahdaitruong.com\/wp-content\/uploads\/2025\/11\/Paulette_Dustan-lheritage_COUV.jpg 1594w, https:\/\/noahdaitruong.com\/wp-content\/uploads\/2025\/11\/Paulette_Dustan-lheritage_COUV-213x300.jpg 213w, https:\/\/noahdaitruong.com\/wp-content\/uploads\/2025\/11\/Paulette_Dustan-lheritage_COUV-727x1024.jpg 727w, https:\/\/noahdaitruong.com\/wp-content\/uploads\/2025\/11\/Paulette_Dustan-lheritage_COUV-768x1081.jpg 768w, https:\/\/noahdaitruong.com\/wp-content\/uploads\/2025\/11\/Paulette_Dustan-lheritage_COUV-1091x1536.jpg 1091w, https:\/\/noahdaitruong.com\/wp-content\/uploads\/2025\/11\/Paulette_Dustan-lheritage_COUV-1455x2048.jpg 1455w, https:\/\/noahdaitruong.com\/wp-content\/uploads\/2025\/11\/Paulette_Dustan-lheritage_COUV-350x493.jpg 350w, https:\/\/noahdaitruong.com\/wp-content\/uploads\/2025\/11\/Paulette_Dustan-lheritage_COUV-650x915.jpg 650w, https:\/\/noahdaitruong.com\/wp-content\/uploads\/2025\/11\/Paulette_Dustan-lheritage_COUV-1000x1408.jpg 1000w\" data-sizes=\"(max-width: 480px) 320px,(max-width: 767px) 500px,(max-width: 1594px) 100vw, 1594px\" width=\"1594\" height=\"2244\" \/><\/span><\/div><\/figure><\/div><\/div><\/div><div id=\"\" class=\"module col-12 module-id-1762770746138 bm-wrap row-bottom row-center bm-wrap-height-auto\" data-module-col=\"12\" data-change-color=\"off\" data-backcolor=\"transparent\" data-frontcolor=\"\" data-logocolor=\"\" data-goto-top=\"off\" data-goto-top-spacing=\"0\" data-goto-disable-m=\"off\" data-groupsameheight=\"off\"><div class=\"module-inside group-inside\" style=\"--cornerRadius:0px 0px 0px 0px ; --top-mod: 0px;--bottom-mod: 0px;--top-mod-t: 0px;--bottom-mod-t: 0px;--top-mod-m:0px;--bottom-mod-m:0px;\" ><div id=\"\" class=\"module col-7 module-id-1762770779562\" data-module-col=\"7\"><div class=\"module-inside text-inside\" style=\"--top-mod: 0px;--bottom-mod: 0px;--top-mod-t: 0px;--bottom-mod-t: 0px;--top-mod-m:0px;--bottom-mod-m:0px;\" ><div class=\"text_block_out\"  data-effect=\"standard\" style=\"\"><div class=\"text_block ux-mod-nobg\"><div class=\"text_block_inn\"><div id=\"text-1762770779562\" class=\"text_block_centered text_block_centered_enable_width\"  style=\"\"><p><a href=\"https:\/\/www.paulette-editrice.ch\/ouvrages\/dustan-lheritage\/\">Paulette Editrice<\/a>*, maison d\u2019\u00e9dition suisse de litt\u00e9rature lgbtqi+ et copains, m\u2019a propos\u00e9 d\u2019\u00e9crire un texte dans l\u2019anthologie <i>Dustan, l\u2019h\u00e9ritage<\/i> \u2013 le titre suffit \u00e0 en r\u00e9sumer l\u2019intention.<\/p>\n<p>&nbsp;<\/p>\n<p><b>J\u2019ai \u00e9crit sur mes ann\u00e9es \u00e0 Sciences Po, \u00e0 Paris<\/b>, o\u00f9 je suis entr\u00e9 \u00e0 tout juste 18 ans, gouine dans le placard et fille d\u2019une famille franco-vietnamienne de bobos du 11<sup>e<\/sup> arrondissement, m\u2019installant a priori \u00e0 la place que les projections et les trajectoires de mes parents** m\u2019avaient d\u00e9j\u00e0 r\u00e9chauff\u00e9e et <b>m\u2019y trouvant pourtant tout, sauf <i>\u00e0 ma place<\/i><\/b><i>. <\/i><\/p>\n<p>&nbsp;<\/p>\n<p>Trop lesbienne, trop asiatique, trop abim\u00e9e. <b>N\u2019ayant qu\u2019un seul mot \u00e0 la bouche<\/b>, qu\u2019il faudrait r\u00e9ussir \u00e0 dire&nbsp;:<b> \u00ab&nbsp;lesbienne&nbsp;\u00bb.<\/b> Lesbienne. Lesbienne. Mais <b>comment prononcer ce mot dans une \u00e9cole, un monde, une passerelle vers une classe sociale, un statut, qui est <\/b><b>tout entier fait de distinction<\/b><b>&nbsp;?<\/b><\/p>\n<p>&nbsp;<\/p>\n<p>Chacun, dans cette premi\u00e8re ann\u00e9e de Scpo, cherche \u00e0 s\u2019inscrire dans cette distinction, \u00e0 y concourir (puisque la distinction est toujours un concours), qu\u2019elle s\u2019illustre par des v\u00eatements, une diction, des opinions, ou s\u2019acqui\u00e8re en bachotant fi\u00e9vreusement sa culture g\u00e9n\u00e9rale, dans sa chambre de bonne, dans l\u2019espoir d\u2019effacer la classe sociale ou la culture dont on vient vraiment***. <b>Pour survivre, j\u2019enfile moi aussi, du mieux que je peux, l\u2019\u00ab&nbsp;uniforme&nbsp;\u00bb de la blanchit\u00e9 h\u00e9t\u00e9rosexuelle bourgeoise<\/b>. Je me travestis \u2013 dans la souffrance, sans la comprendre.<\/p>\n<p>&nbsp;<\/p>\n<p>Puis c\u2019est le temps du \u00ab&nbsp;coming out&nbsp;\u00bb queer. Cette distinction, je n\u2019y ai pas, et n\u2019y aurai jamais ma place. Ce n\u2019est pas grave : je n\u2019en veux pas&nbsp;! Je la refuse violemment l\u2019ann\u00e9e de la \u00ab&nbsp;Manif pour tous&nbsp;\u00bb, puis joyeusement, en entamant ma vie de lesbienne, vie d\u00e9sirable s\u2019il en est.<\/p>\n<p>&nbsp;<\/p>\n<p style=\"text-align: center;\">*<\/p>\n<p>&nbsp;<\/p>\n<p>Pourtant la langue de la distinction \u2013 celle qui, lorsque je suis entr\u00e9 \u00e0 Sciences Po, m\u2019a fait si absolument taire, a tu\u00e9 ma voix dans ma gorge, <b>cette langue me poursuit lorsque vient pour moi le temps d\u2019\u00e9crire.<\/b> Ecrire&nbsp;: activit\u00e9 adress\u00e9e. Adress\u00e9e \u00e0 qui&nbsp;? A Saint-germain des pr\u00e9s&nbsp;? Au triangle des \u00e9diteurs&nbsp;: P.O.L, Gallimard, Minuit&nbsp;?<\/p>\n<p>&nbsp;<\/p>\n<p>Je veux \u00e9crire, oui, mais <b>\u00e9crire m\u2019inscrit dans un champ symbolique, celui de la litt\u00e9rature, qui me ram\u00e8ne imm\u00e9diatement, et violemment, au champ symbolique de la grande \u00e9cole qu\u2019est Sciences Po<\/b>, et dans lequel il m\u2019a \u00e9t\u00e9 difficile, m\u00eame, de respirer.<\/p>\n<p>&nbsp;<\/p>\n<p>Comment \u00e9crire&nbsp;? <b>Comment dire ma vie de gouine, ma vie de queer, ma vie trans (puisque c\u2019est ce qu\u2019il faut dire) dans <\/b><b>une langue &#8211; celle de la distinction-<\/b><b> qui, <\/b><b>dans sa fonction m\u00eame<\/b><b>, l\u2019interdit.<\/b><\/p><\/div><\/div><\/div><\/div><\/div><\/div><div id=\"\" class=\"module col-9 module-id-1762770834836\" data-module-col=\"9\"><div class=\"module-inside single-image-inside\" style=\"--cornerRadius:0px 0px 0px 0px ; --top-mod: 40px;--bottom-mod: 20px;--top-mod-t: 40px;--bottom-mod-t: 20px;--top-mod-m:20px;--bottom-mod-m:10px;\" ><div class=\"single-image-out singleimage-center-ux singleimage-center-ux-m\"  ><figure class=\"single-image   single-image-notfull   \" no><div class=\"ux-hover-wrap anima-wrap\" style=\"padding-top: 97.418244406196%;\"><span class=\"ux-hover-wrap-a\"><img loading=\"lazy\" decoding=\"async\" alt=\"Capture d\u2019\u00e9cran 2025-11-10 \u00e0 09.28.08\" class=\"single-image-img img1st lazy \" src=\"data:image\/gif;base64,R0lGODlhAQABAIAAAAAAAP\/\/\/yH5BAEAAAAALAAAAAABAAEAAAIBRAA7\" data-src=\"https:\/\/noahdaitruong.com\/wp-content\/uploads\/2025\/11\/Capture-decran-2025-11-10-a-09.28.08.png\" data-srcset=\"https:\/\/noahdaitruong.com\/wp-content\/uploads\/2025\/11\/Capture-decran-2025-11-10-a-09.28.08.png 1162w, https:\/\/noahdaitruong.com\/wp-content\/uploads\/2025\/11\/Capture-decran-2025-11-10-a-09.28.08-300x292.png 300w, https:\/\/noahdaitruong.com\/wp-content\/uploads\/2025\/11\/Capture-decran-2025-11-10-a-09.28.08-1024x998.png 1024w, https:\/\/noahdaitruong.com\/wp-content\/uploads\/2025\/11\/Capture-decran-2025-11-10-a-09.28.08-768x748.png 768w, https:\/\/noahdaitruong.com\/wp-content\/uploads\/2025\/11\/Capture-decran-2025-11-10-a-09.28.08-350x341.png 350w, https:\/\/noahdaitruong.com\/wp-content\/uploads\/2025\/11\/Capture-decran-2025-11-10-a-09.28.08-650x633.png 650w, https:\/\/noahdaitruong.com\/wp-content\/uploads\/2025\/11\/Capture-decran-2025-11-10-a-09.28.08-1000x974.png 1000w\" data-sizes=\"(max-width: 480px) 320px,(max-width: 767px) 500px,(max-width: 1162px) 100vw, 1162px\" width=\"1162\" height=\"1132\" \/><\/span><\/div><\/figure><\/div><\/div><\/div><div id=\"\" class=\"module col-7 module-id-1762770964670\" data-module-col=\"7\"><div class=\"module-inside text-inside\" style=\"--top-mod: 0px;--bottom-mod: 0px;--top-mod-t: 0px;--bottom-mod-t: 0px;--top-mod-m:0px;--bottom-mod-m:0px;\" ><div class=\"text_block_out\"  data-effect=\"standard\" style=\"\"><div class=\"text_block ux-mod-nobg\"><div class=\"text_block_inn\"><div id=\"text-1762770964670\" class=\"text_block_centered text_block_centered_enable_width\"  style=\"\"><p>C\u2019est alors que je trouve Dustan. Je fais vite&nbsp;: le texte int\u00e9gral est dans l\u2019anthologie. Dustan est juif****, issu d\u2019un milieu bourgeois, ancien de Henri IV, Sciences Po, ENA. Et il est PD. Et il \u00e9crit, ce qu\u2019il a \u00e9crit. <b>Dustan est tout ce dont j\u2019ai besoin, au moment o\u00f9 j\u2019en ai besoin. <\/b>Il me montre la voie. Il la tapisse pour nous, ses queers***** brinquebalants qui tra\u00e7ons nos routes sur nos jambes qui sortent flageolantes du d\u00e9but de nos vies violentes.<\/p>\n<p>&nbsp;<\/p>\n<p>Dustan m\u2019accueille dans la vie que je m\u2019appr\u00eate \u00e0 choisir. Il faut toujours choisir, \u00e0 chaque \u00e9tape de sa vie, faire un nouveau choix. Il parle de solitude, de m\u00e9lancolie, de la difficult\u00e9 de l\u2019amour queer \u2013 je me lis en lui. <b>Et il parle dans une langue dirig\u00e9e directement comme le canon d\u2019un fusil sur le champ symbolique de la \u00ab&nbsp;litt\u00e9rature h\u00e9t\u00e9rosexuelle bourgeoise&nbsp;\u00bb \u2013 pour le faire exploser. <\/b><\/p>\n<p>&nbsp;<\/p>\n<p>Le fusil est dans ma main. Lorsque je tire, je sens la sienne par-dessus.<\/p>\n<p>&nbsp;<\/p>\n<p>&nbsp;<\/p>\n<p style=\"text-align: center;\">*<\/p>\n<p>&nbsp;<\/p>\n<p><em>*par ailleurs maison d\u2019\u00e9dition de mon deuxi\u00e8me livre publi\u00e9, le premier que j\u2019ai \u00e9crit&nbsp;: \u00ab&nbsp;Et pourtant&nbsp;\u00bb.<\/em><\/p>\n<p>&nbsp;<\/p>\n<p><em>**(il faudra \u00e9crire sur le catapultage des enfants de l\u2019immigration d\u2019asie de l\u2019est et d\u2019asie du sud-est, dont l\u2019habitus (confuc\u00e9en&nbsp;?) (et la colorisation&nbsp;?) se marient admirablement avec le syst\u00e8me \u00e9ducatif \u00e9litiste \u00e0 la fran\u00e7aise, dans les milieux \u00e9litistes blancs et bourgeois. Ecrire un jour sur l\u2019ali\u00e9nation qui a \u00e9t\u00e9 la mienne et qui est celle de beaucoup. 20 ans \u00e0 ne pas se voir, \u00e0 se nier, se renier.)<\/em><\/p>\n<p>&nbsp;<\/p>\n<p><em>***(et il est important de dire la violence symbolique d\u2019\u00e9coles comme Sciences Po pour les \u00e9tudiants et \u00e9tudiantes arrivant de villes moyennes ou de milieux ruraux, de parents ouvriers ou de classe moyenne, et d\u2019autant plus d\u2019enfants de parents racis\u00e9s et qui se prennent en pleine face l\u2019arrogance des h\u00e9ritiers n\u00e9s pour y \u00eatre \u2013)<\/em><\/p>\n<p>&nbsp;<\/p>\n<p><em>**** (il faudra \u00e9crire sur la conscience de Dustan de sa double assignation \u2013 juif et homosexuel, et la fa\u00e7on dont il probl\u00e9matise le double rejet dont il fait l\u2019objet dans le monde bourgeois blanc dans lequel il s\u2019inscrit, puis qu\u2019il rejette)<\/em><\/p>\n<p>&nbsp;<\/p>\n<p><em>*****(terme qu\u2019il r\u00e9cuse au profit de \u00ab&nbsp;gay&nbsp;\u00bb et \u00ab&nbsp;lesbienne&nbsp;\u00bb)<\/em><\/p>\n<p>&nbsp;<\/p>\n<p>&nbsp;<\/p><\/div><\/div><\/div><\/div><\/div><\/div><div id=\"\" class=\"module col-12 module-id-1762771146685\" data-module-col=\"12\"><div class=\"module-inside single-image-inside\" style=\"--cornerRadius:0px 0px 0px 0px ; --top-mod: 0px;--bottom-mod: 0px;--top-mod-t: 0px;--bottom-mod-t: 0px;--top-mod-m:0px;--bottom-mod-m:0px;\" ><div class=\"single-image-out singleimage-center-ux singleimage-center-ux-m\"  ><figure class=\"single-image   single-image-notfull   \" no><div class=\"ux-hover-wrap anima-wrap\" style=\"padding-top: 109.63302752294%;\"><span class=\"ux-hover-wrap-a\"><img loading=\"lazy\" decoding=\"async\" alt=\"Capture d\u2019\u00e9cran 2025-11-10 \u00e0 09.23.40\" class=\"single-image-img img1st lazy \" src=\"data:image\/gif;base64,R0lGODlhAQABAIAAAAAAAP\/\/\/yH5BAEAAAAALAAAAAABAAEAAAIBRAA7\" data-src=\"https:\/\/noahdaitruong.com\/wp-content\/uploads\/2025\/11\/Capture-decran-2025-11-10-a-09.23.40.png\" data-srcset=\"https:\/\/noahdaitruong.com\/wp-content\/uploads\/2025\/11\/Capture-decran-2025-11-10-a-09.23.40.png 872w, https:\/\/noahdaitruong.com\/wp-content\/uploads\/2025\/11\/Capture-decran-2025-11-10-a-09.23.40-274x300.png 274w, https:\/\/noahdaitruong.com\/wp-content\/uploads\/2025\/11\/Capture-decran-2025-11-10-a-09.23.40-768x842.png 768w, https:\/\/noahdaitruong.com\/wp-content\/uploads\/2025\/11\/Capture-decran-2025-11-10-a-09.23.40-350x384.png 350w, https:\/\/noahdaitruong.com\/wp-content\/uploads\/2025\/11\/Capture-decran-2025-11-10-a-09.23.40-650x713.png 650w\" data-sizes=\"(max-width: 480px) 320px,(max-width: 767px) 500px,(max-width: 872px) 100vw, 872px\" width=\"872\" height=\"956\" \/><\/span><\/div><\/figure><\/div><\/div><\/div><\/div><\/div><div id=\"\" class=\"module col-4 module-id-1762771202087 col-offset-4\" data-module-col=\"4\"><div class=\"module-inside text-inside\" style=\"--top-mod: 20px;--bottom-mod: 0px;--top-mod-t: 20px;--bottom-mod-t: 0px;--top-mod-m:10px;--bottom-mod-m:0px;\" ><div class=\"text_block_out\"  data-effect=\"standard\" style=\"\"><div class=\"text_block ux-mod-nobg\"><div class=\"text_block_inn\"><div id=\"text-1762771202087\" class=\"text_block_centered text_block_centered_enable_width\"  style=\"\"><p>Pour commander le livre : <a href=\"_wp_link_placeholder\" data-wplink-edit=\"true\">Site de Paulette \u00c9ditrice<\/a>&nbsp;<\/p><\/div><\/div><\/div><\/div><\/div><\/div><\/div>","protected":false},"excerpt":{"rendered":"<p>Paulette Editrice*, maison d\u2019\u00e9dition suisse de litt\u00e9rature lgbtqi+ et copains, &hellip;<\/p>\n","protected":false},"author":1,"featured_media":0,"parent":0,"menu_order":0,"comment_status":"closed","ping_status":"closed","template":"","meta":{"inline_featured_image":false,"footnotes":""},"class_list":["post-1413","page","type-page","status-publish","hentry"],"_links":{"self":[{"href":"https:\/\/noahdaitruong.com\/index.php\/wp-json\/wp\/v2\/pages\/1413","targetHints":{"allow":["GET"]}}],"collection":[{"href":"https:\/\/noahdaitruong.com\/index.php\/wp-json\/wp\/v2\/pages"}],"about":[{"href":"https:\/\/noahdaitruong.com\/index.php\/wp-json\/wp\/v2\/types\/page"}],"author":[{"embeddable":true,"href":"https:\/\/noahdaitruong.com\/index.php\/wp-json\/wp\/v2\/users\/1"}],"replies":[{"embeddable":true,"href":"https:\/\/noahdaitruong.com\/index.php\/wp-json\/wp\/v2\/comments?post=1413"}],"version-history":[{"count":2,"href":"https:\/\/noahdaitruong.com\/index.php\/wp-json\/wp\/v2\/pages\/1413\/revisions"}],"predecessor-version":[{"id":1421,"href":"https:\/\/noahdaitruong.com\/index.php\/wp-json\/wp\/v2\/pages\/1413\/revisions\/1421"}],"wp:attachment":[{"href":"https:\/\/noahdaitruong.com\/index.php\/wp-json\/wp\/v2\/media?parent=1413"}],"curies":[{"name":"wp","href":"https:\/\/api.w.org\/{rel}","templated":true}]}}